{"id":40,"date":"2018-10-25T21:01:17","date_gmt":"2018-10-25T21:01:17","guid":{"rendered":"http:\/\/cannstatter-ski-club.de\/?page_id=40"},"modified":"2018-11-14T21:19:42","modified_gmt":"2018-11-14T21:19:42","slug":"impressum","status":"publish","type":"page","link":"https:\/\/cannstatter-ski-club.de\/?page_id=40","title":{"rendered":"Impressum"},"content":{"rendered":"<p><b>Cannstatter Ski-Club e.V. (CSC)<\/b><\/p>\n<p>Mitglied des Schw\u00e4bischen Skiverbandes<\/p>\n<p>Gesch\u00e4ftsstelle und Vereinsheim<\/p>\n<p>&#8222;Kurt-H\u00e4gele-Haus&#8220;<\/p>\n<p>Hofener Stra\u00dfe 171<\/p>\n<p>70374 Stuttgart-Bad Cannstatt<\/p>\n<p>Telefon: 0711-55 25 54<\/p>\n<p>EMail: info@cannstatter-ski-club.de<\/p>\n<p>Registernummer: VR 1927<\/p>\n<p>Vertretungsberechtigte Person: Frank Brenner<\/p>\n<p>Inhaltlich Verantwortlicher: Wolfgang Jakob<\/p>\n","protected":false},"excerpt":{"rendered":"<p>Cannstatter Ski-Club e.V. (CSC) Mitglied des Schw\u00e4bischen Skiverbandes Gesch\u00e4ftsstelle und Vereinsheim &#8222;Kurt-H\u00e4gele-Haus&#8220; Hofener Stra\u00dfe 171 70374 Stuttgart-Bad Cannstatt Telefon: 0711-55 25 54 EMail: info@cannstatter-ski-club.de Registernummer: VR 1927 Vertretungsberechtigte Person: Frank Brenner Inhaltlich Verantwortlicher: Wolfgang Jakob<\/p>\n","protected":false},"author":1,"featured_media":0,"parent":0,"menu_order":0,"comment_status":"closed","ping_status":"closed","template":"","meta":{"footnotes":""},"class_list":["post-40","page","type-page","status-publish","hentry"],"_links":{"self":[{"href":"https:\/\/cannstatter-ski-club.de\/index.php?rest_route=\/wp\/v2\/pages\/40","targetHints":{"allow":["GET"]}}],"collection":[{"href":"https:\/\/cannstatter-ski-club.de\/index.php?rest_route=\/wp\/v2\/pages"}],"about":[{"href":"https:\/\/cannstatter-ski-club.de\/index.php?rest_route=\/wp\/v2\/types\/page"}],"author":[{"embeddable":true,"href":"https:\/\/cannstatter-ski-club.de\/index.php?rest_route=\/wp\/v2\/users\/1"}],"replies":[{"embeddable":true,"href":"https:\/\/cannstatter-ski-club.de\/index.php?rest_route=%2Fwp%2Fv2%2Fcomments&post=40"}],"version-history":[{"count":3,"href":"https:\/\/cannstatter-ski-club.de\/index.php?rest_route=\/wp\/v2\/pages\/40\/revisions"}],"predecessor-version":[{"id":142,"href":"https:\/\/cannstatter-ski-club.de\/index.php?rest_route=\/wp\/v2\/pages\/40\/revisions\/142"}],"wp:attachment":[{"href":"https:\/\/cannstatter-ski-club.de\/index.php?rest_route=%2Fwp%2Fv2%2Fmedia&parent=40"}],"curies":[{"name":"wp","href":"https:\/\/api.w.org\/{rel}","templated":true}]}}